 digit of x?
2
Let q(u) = 4*u**2 + 3*u - 9. What is the tens digit of q(-7)?
6
Suppose 116 = 4*r - 5*j, -r = -2*r + 4*j + 29. What is the tens digit of r?
2
Let o = -144 - -286. What is the tens digit of o?
4
Let r = -27 - -39. Suppose c = -5*t - 36, -5*t + r + 16 = -3*c. What is the units digit of 6/(-4)*c/6?
4
Let o(q) = 3*q**3 + 17*q**2 + 8. Let b = 9 + -1. Let m(v) = -5*v**3 - 26*v**2 - 12. Let w(r) = b*o(r) + 5*m(r). What is the units digit of w(6)?
4
Let z(p) be the first derivative of 3/2*p**2 + 3 + 3*p. What is the units digit of z(5)?
8
Let z = -31 + 65. What is the tens digit of z?
3
Suppose -3*x - 12 = -6*x. Suppose -2*l - d = -3*l + 3, x*d = l - 3. Let k(a) = a**3 - 3*a**2 + a + 2. What is the units digit of k(l)?
5
Let s = -14 - -8. Let u be -1 + 8*(-3)/s. Suppose 0 = u*f - h - 0*h - 5, 0 = f - 2*h. What is the units digit of f?
2
Let j(d) = 2*d. Let x be j(-1). Let q(b) = b**2 - 3*b - 1. What is the units digit of q(x)?
9
Suppose -l - 2*l + 33 = 4*f, -2*l = 10. What is the tens digit of f?
1
What is the units digit of (-15)/10*1/(-3)*116?
8
Suppose -5 = -q - 2. Suppose q*i + g = 28, -2*i + 4*i + 5*g - 36 = 0. What is the units digit of i?
8
Let f = 38 + -16. Let w be (-6)/33 + 26/f. What is the units digit of -6*1*w/(-2)?
3
Let k(m) = -4*m - 7. What is the units digit of k(-7)?
1
Let i(p) = -p + 6. Let t be i(3). Suppose 0 = -t*x + 5 + 4. Let c = -2 + x. What is the units digit of c?
1
Let x(c) = c**3 + 12*c**2 - 15*c - 11. What is the hundreds digit of x(-10)?
3
Suppose 195 = 2*u + 3*u. Suppose -17 = -4*i + u. What is the tens digit of i?
1
Suppose -68 = -3*a + a. What is the tens digit of a?
3
Let j(b) be the first derivative of -b**3/3 + 2*b + 1. Let d(o) = -o**2 + o + 3. Let y(z) = -4*d(z) + 3*j(z). What is the units digit of y(6)?
6
Suppose r + 8 = u, 5*r + 21 + 7 = 2*u. What is the tens digit of ((-176)/u)/(1 - 3)?
2
Let b = 9 + -7. Suppose -v = x - 22, b*x + 2*v = 3*x - 28. What is the units digit of x?
4
Let n be (-1)/(-1) - (-2)/2. Suppose -2*i = w - 29, 4*i - 3*w = -n*w + 67. What is the units digit of i?
6
Let j = 123 - -31. What is the units digit of j?
4
Suppose 2*x = -2*n - 2*n, -4*x + 2*n + 50 = 0. Let r be 1/((1 - 2)/(-5)). Suppose 0 = 2*w - 10, -3*w = -r*o + w - x. What is the units digit of o?
2
Let y = 4 - 1. Suppose -a + 9 = y. What is the units digit of a?
6
Let x = -452 + 278. What is the tens digit of (x/9)/((-2)/3)?
2
Suppose 0 = 2*t, 4*t + 68 + 86 = 2*r. What is the tens digit of r?
7
Let i(x) = x**3 + 2*x**2 - 5*x - 2. Let o be i(-3). Let u = o + -4. Suppose -4*m + 28 = 4*k - u*m, -4*k = -5*m - 28. What is the units digit of k?
7
Let t be 39 + (-4)/((-6)/(-3)). Suppose 2*g - 4*g - 34 = -3*d, 3*g - d + t = 0. Let y = g + 13. What is the units digit of y?
2
Suppose -3*t + 22 + 47 = 0. What is the tens digit of t?
2
Let h(u) = -7*u + 1 + 0 - 2. Let t be h(-1). Suppose -p - 2 = -t. What is the units digit of p?
4
Suppose -2*v + w + 238 = 0, 0 = 2*v - 5*v + 2*w + 356. What is the units digit of v?
0
Let v = 1 - 0. Let i = v + 1. Suppose -i*a - 2 + 14 = 0. What is the units digit of a?
6
Let h be 6/8 + 27/12. Suppose h*z - 88 = z + n, z = n + 42. What is the units digit of z?
6
Let r(l) = -l**3 + 2*l**2 + 3*l - 3. Let q be r(2). Suppose 3*p + q*b - 128 + 35 = 0, -b = 3*p - 93. What is the units digit of p?
1
Suppose z - 3*j + 171 = 3*z, 2*j + 6 = 0. Let o = z + -51. What is the units digit of o?
9
Let z(x) = 2*x + 20. What is the units digit of z(10)?
0
What is the units digit of 1/2 + 21/2?
1
Suppose 20 = 2*d - 5*h, -4*d - 18 - 2 = 5*h. Suppose d = 3*p - t + 98, 3*t + 0 = 6. Let o = -23 - p. What is the units digit of o?
9
Suppose -4*x - 7*p + 3 = -2*p, 0 = -2*p - 2. What is the units digit of x?
2
Suppose a - 2*b - 122 = 6*a, -68 = 2*a - 4*b. Let t be 8/28 - a/7. Suppose 0 = t*w - 3*w - 7. What is the units digit of w?
7
Let l(u) be the third derivative of 1/120*u**6 - 1/30*u**5 + 0*u + u**2 - 1/6*u**4 + 1/6*u**3 + 0. What is the units digit of l(4)?
7
Suppose 2*i - 47 - 1 = 0. What is the units digit of i?
4
What is the hundreds digit of ((-320)/(-4))/(3/(-24)*-2)?
3
Let s = 15 + 9. Suppose -6 + s = 2*p + f, -2*f = 4. What is the units digit of p?
0
Let r(s) = 6*s + 9. Let c be r(-8). Let j = c - -55. What is the tens digit of j?
1
Let d be (3/6)/((-2)/(-12)). Suppose 9 = d*x, 23 = g + x + 4*x. What is the units digit of g?
8
Let z = -57 - -124. What is the units digit of z?
7
Let r(o) = -o + 10. Let n be r(10). Suppose n*p = p - 5*h + 6, -5*p + 90 = 5*h. What is the tens digit of p?
1
Let u(q) = 2*q + 17. What is the units digit of u(-7)?
3
Let q = 63 + -43. Let g = q - -5. What is the tens digit of g?
2
Suppose f = 0, 124 = -2*r + 4*r + f. What is the units digit of r?
2
Suppose 0 = -4*z + 17 - 5. Suppose 13 = -z*p + 5*p - i, p - 3*i = 14. Suppose -p*m + 20 = -15. What is the units digit of m?
7
Suppose -2*a = -4*x + 76 + 104, a - 239 = -5*x. What is the units digit of x?
7
Suppose 0 = -2*d - 7*d + 2979. What is the hundreds digit of d?
3
Let p(m) = -m**3 - m**2. Let h be p(0). Suppose a - 3*a + 24 = h. What is the tens digit of a?
1
Let p(i) = i + 48. Let x be p(0). Let r = -18 + x. Suppose f - r = -4*f. What is the units digit of f?
6
Let x(s) be the third derivative of s**4/24 + 8*s**3/3 + s**2. Let h be x(0). What is the units digit of (12/h)/((-2)/(-24))?
9
Let t be 7/(-14)*(-10)/1. Let k(w) = 2*w - 5. What is the units digit of k(t)?
5
Let y = -8 + 6. Let k = 34 + y. What is the units digit of k?
2
Let z(b) = 13*b - 7. What is the units digit of z(6)?
1
Suppose -2*l = 6 + 24. Let k(z) = -z**3 - 14*z**2 + 12*z - 7. What is the units digit of k(l)?
8
Suppose n + 3*m = 6*n - 112, -2*n = -5*m - 41. What is the tens digit of n?
2
Suppose 0 = 5*p - 10*p. Let s = 4 + -2. Suppose p = s*b - 18 - 2. What is the tens digit of b?
1
Suppose -q - 2 = -13. What is the units digit of q?
1
Let g = -5 - -2. Let r be 0 + 4 + g + 1. Suppose -2*m - r*m = -b - 48, -4*m - 2*b = -60. What is the units digit of m?
3
Suppose f + 7 = 3*t - 2, 3*t = -4*f + 9. Suppose -3*w - 2*w - 26 = -2*v, -t*v - w + 39 = 0. Suppose -5*n = -32 - v. What is the units digit of n?
9
Suppose -4*q + 3*j = -441, -q + 0*j = 2*j - 102. What is the hundreds digit of q?
1
Let l = -61 - -62. Let x = -19 + 39. Let d = x - l. What is the units digit of d?
9
Suppose 1 - 3 = -2*c, 2*t = c + 3. Let z(q) = -q**3 + 8*q**2 - 3*q - 8. Let p be z(7). Suppose 0*v = -t*v + p. What is the units digit of v?
0
Let n(x) = -x**3 + 4*x**2 + x + 2. Let c be 2 - (-2)/2*1. Let k = c - 0. What is the tens digit of n(k)?
1
Let r = 77 + -9. What is the tens digit of r?
6
Let z = -13 - -34. Suppose 5*y = 8 - 3, -4*p - 5*y + z = 0. Suppose -18 = p*n - 74. What is the tens digit of n?
1
Let m(c) = c**2 - 7*c - 6. Let d be m(8). Suppose d*w - 4*p + 14 = w, 4 = p. Suppose -w*t + 0*t + 20 = 0. What is the tens digit of t?
1
Let g(y) = -y**3 - 10*y**2 - 6*y. What is the hundreds digit of g(-11)?
1
Suppose -10*k + 20 = -5*k. Suppose s + k*n + 7 = -5, 3*s = 5*n - 19. What is the units digit of (4/(-6))/(s/36)?
3
Let n(d) = 2*d**3 - 7*d**2 + 3*d + 5. What is the tens digit of n(4)?
3
Let y(x) be the third derivative of x**5/60 - x**4/6 + x**2. Let g be y(5). What is the units digit of 36/g - 1/5?
7
Suppose -78*y = -73*y - 2100. What is the units digit of y?
0
Suppose -3*b = -x + 16, 7*x + b = 2*x + 16. Suppose 0 = -q + 5*l - 6, -l = 2*q - 4*q + 6. Suppose c - 3*c - 58 = -x*h, -q*c = 20. What is the tens digit of h?
1
Let c = 395 - 280. What is the hundreds digit of c?
1
Let x = -3 + 5. Suppose 63 + 17 = x*d. What is the units digit of d?
0
Let k(m) = -2*m - 2. Let h(l) = -2*l - 1. Let p(i) = -5*h(i) + 4*k(i). What is the tens digit of p(9)?
1
Let i(n) be the third derivative of n**4/12 + n**3/6 - n**2. Let b = 2 - 0. What is the units digit of i(b)?
5
Let d = -5 - 2. Let t = d - -12. Suppose 0 = t*y - 77 + 17. What is the units digit of y?
2
Suppose -5*g = -g - 3*t - 16, 5*g = 3*t + 23. Suppose j + g = -0*j. Let k = 1 - j. What is the units digit of k?
8
Let v = -18 - -23. Suppose 2*b + 141 = v*b. What is the tens digit of b?
4
Let z = -85 - -248. What is the hundreds digit of z?
1
Let o(f) = -f**3 + 8*f**2 + 10*f + 1. Let q = 42 + -9. Suppose -4*l = -q - 3. What is the units digit